{"id":1100,"date":"2018-04-22T22:36:04","date_gmt":"2018-04-22T22:36:04","guid":{"rendered":"http:\/\/salvatoretripodi.it\/2016\/?page_id=1100"},"modified":"2018-04-23T18:43:04","modified_gmt":"2018-04-23T18:43:04","slug":"domanda-3-questionario-aimp","status":"publish","type":"page","link":"https:\/\/salvatoretripodi.it\/2016\/risorse-pazienti\/quiz-di-aerobiologia-inquinamento-ambientale-e-monitoraggio-pazienti\/risposte\/domanda-3-questionario-aimp\/","title":{"rendered":"Domanda 3 questionario AIMP"},"content":{"rendered":"<div class=\"page\" title=\"Page 4\">\n<div class=\"layoutArea\">\n<div class=\"column\">\n<h2><span style=\"color: #3366ff;\">3) \u00a0Quale tra queste \u00e8 la specie fungina pi\u00f9 rilevante sia da un punto di vista numerico che allergologico?<\/span><\/h2>\n<h3><strong>c) Alternaria.<\/strong><\/h3>\n<h4><span style=\"color: #3366ff;\">Pur essendo una muffa prevalentemente outdoor, le spore di Alternaria possono essere presenti anche negli ambienti chiusi: una concentrazione di spore fino a 75000\/m3 pu\u00f2 associarsi a una concentrazione indoor fra 0 e 280 m3. Da un punto di vista allergologico Alternaria Alternata risulta la specie pi\u00f9 rilevante, con una presenza di spore nell&#8217;ambiente che si avvicina al15% del totale delle spore presenti, specie nei periodi caldo-umidi, a fine estate o inizio autunno; il suo allergene principale, Alt a 1, \u00e8 il pi\u00f9 strettamente correlato alla virulenza e patogenicit\u00e0 della muffa ed \u00e8 considerato responsabile di asma soprattutto in et\u00e0 pediatrica.<\/span><\/h4>\n<p>Esch RE, Bush RK. Aerobiology of outdoor allergens. In: Adkinson NF, Yunginger JW, Busse WW, et al., editors. Middle- ton&#8217;s allergy principles and practice ST Louis: Mosby; 2003, pp. 539-555.<\/p>\n<p>Bush RK, Prochnau JJ. Alternaria induced asthma. J Allergy Immunol 2004;113:227-34.<\/p>\n<\/div>\n<\/div>\n<\/div>\n","protected":false},"excerpt":{"rendered":"<p>3) \u00a0Quale tra queste \u00e8 la specie fungina pi\u00f9 rilevante sia da un punto di vista numerico che allergologico? c) Alternaria. Pur essendo una muffa prevalentemente outdoor, le spore di Alternaria possono essere presenti anche negli ambienti chiusi: una concentrazione di spore fino a 75000\/m3 pu\u00f2 associarsi a una concentrazione indoor fra 0 e 280&#8230;<\/p>\n","protected":false},"author":3,"featured_media":0,"parent":1137,"menu_order":3,"comment_status":"closed","ping_status":"closed","template":"","meta":[],"_links":{"self":[{"href":"https:\/\/salvatoretripodi.it\/2016\/wp-json\/wp\/v2\/pages\/1100"}],"collection":[{"href":"https:\/\/salvatoretripodi.it\/2016\/wp-json\/wp\/v2\/pages"}],"about":[{"href":"https:\/\/salvatoretripodi.it\/2016\/wp-json\/wp\/v2\/types\/page"}],"author":[{"embeddable":true,"href":"https:\/\/salvatoretripodi.it\/2016\/wp-json\/wp\/v2\/users\/3"}],"replies":[{"embeddable":true,"href":"https:\/\/salvatoretripodi.it\/2016\/wp-json\/wp\/v2\/comments?post=1100"}],"version-history":[{"count":2,"href":"https:\/\/salvatoretripodi.it\/2016\/wp-json\/wp\/v2\/pages\/1100\/revisions"}],"predecessor-version":[{"id":1135,"href":"https:\/\/salvatoretripodi.it\/2016\/wp-json\/wp\/v2\/pages\/1100\/revisions\/1135"}],"up":[{"embeddable":true,"href":"https:\/\/salvatoretripodi.it\/2016\/wp-json\/wp\/v2\/pages\/1137"}],"wp:attachment":[{"href":"https:\/\/salvatoretripodi.it\/2016\/wp-json\/wp\/v2\/media?parent=1100"}],"curies":[{"name":"wp","href":"https:\/\/api.w.org\/{rel}","templated":true}]}}