{"id":1089,"date":"2018-04-22T22:27:42","date_gmt":"2018-04-22T22:27:42","guid":{"rendered":"http:\/\/salvatoretripodi.it\/2016\/?page_id=1089"},"modified":"2018-04-23T18:42:35","modified_gmt":"2018-04-23T18:42:35","slug":"domanda-1-questionario-aimp","status":"publish","type":"page","link":"https:\/\/salvatoretripodi.it\/2016\/risorse-pazienti\/quiz-di-aerobiologia-inquinamento-ambientale-e-monitoraggio-pazienti\/risposte\/domanda-1-questionario-aimp\/","title":{"rendered":"Domanda 1 questionario AIMP"},"content":{"rendered":"<div class=\"page\" title=\"Page 3\">\n<div class=\"layoutArea\">\n<div class=\"column\">\n<h2><span style=\"color: #3366ff;\">1) Il \u2018fumo di terza mano\u2019 \u00e8:<\/span><\/h2>\n<h3><strong>b) Una miscela di inquinanti che, una volta consumata la sigaretta, si deposita sulle superfici e nella polvere degli ambienti confinati o reagisce con altri composti per formare inquinanti secondari.<\/strong><\/h3>\n<h4><span style=\"color: #3366ff;\">Mentre l\u2019esposizione al \u201cfumo di seconda mano\u201d risulta dalla inalazione involontaria del fumo \u201cattivo\u201d, l\u2019esposizione al \u201cfumo di terza mano\u201d deriva dall\u2019inalazione, dall\u2019ingestione e dall\u2019assorbimento dermico involontario degli inquinanti presenti nell\u2019aria, nella polvere e sulle superfici. Conseguentemente, mentre il \u201cfumo di seconda mano\u201d viene rimosso ventilando gli ambienti, quello di \u201cterza mano\u201d pu\u00f2 persistere anche parecchi giorni o mesi dopo che la sigaretta \u00e8 stata consumata. \u00c8 stato, infatti, dimostrato che la nicotina si deposita quasi interamente sulle superfici, persistendovi per settimane o mesi e pu\u00f2 reagire con composti gassosi normalmente presenti negli ambienti confinati (ad esempio l\u2019ozono), formando sostanze scarsamen- te volatili che possono depositarsi negli ambienti indoor e sul mantello cutaneo.<\/span><\/h4>\n<p>Matt GE, Quintana PJ, Zakarian JM, et al. When smokers move out and non-smokers move in: residential thirdhand smoke pollution and exposure.Tob Control 2011;20:e1.<\/p>\n<p>Matt GE, Quintana PJ, Destaillats H, et al. Thirdhand tobacco smoke: emerging evidence and arguments for a multidis- ciplinary research agenda. Environ Health Perspect 2011;119:1218-26.<\/p>\n<\/div>\n<\/div>\n<\/div>\n","protected":false},"excerpt":{"rendered":"<p>1) Il \u2018fumo di terza mano\u2019 \u00e8: b) Una miscela di inquinanti che, una volta consumata la sigaretta, si deposita sulle superfici e nella polvere degli ambienti confinati o reagisce con altri composti per formare inquinanti secondari. Mentre l\u2019esposizione al \u201cfumo di seconda mano\u201d risulta dalla inalazione involontaria del fumo \u201cattivo\u201d, l\u2019esposizione al \u201cfumo di&#8230;<\/p>\n","protected":false},"author":3,"featured_media":0,"parent":1137,"menu_order":1,"comment_status":"closed","ping_status":"closed","template":"","meta":[],"_links":{"self":[{"href":"https:\/\/salvatoretripodi.it\/2016\/wp-json\/wp\/v2\/pages\/1089"}],"collection":[{"href":"https:\/\/salvatoretripodi.it\/2016\/wp-json\/wp\/v2\/pages"}],"about":[{"href":"https:\/\/salvatoretripodi.it\/2016\/wp-json\/wp\/v2\/types\/page"}],"author":[{"embeddable":true,"href":"https:\/\/salvatoretripodi.it\/2016\/wp-json\/wp\/v2\/users\/3"}],"replies":[{"embeddable":true,"href":"https:\/\/salvatoretripodi.it\/2016\/wp-json\/wp\/v2\/comments?post=1089"}],"version-history":[{"count":3,"href":"https:\/\/salvatoretripodi.it\/2016\/wp-json\/wp\/v2\/pages\/1089\/revisions"}],"predecessor-version":[{"id":1092,"href":"https:\/\/salvatoretripodi.it\/2016\/wp-json\/wp\/v2\/pages\/1089\/revisions\/1092"}],"up":[{"embeddable":true,"href":"https:\/\/salvatoretripodi.it\/2016\/wp-json\/wp\/v2\/pages\/1137"}],"wp:attachment":[{"href":"https:\/\/salvatoretripodi.it\/2016\/wp-json\/wp\/v2\/media?parent=1089"}],"curies":[{"name":"wp","href":"https:\/\/api.w.org\/{rel}","templated":true}]}}